 - 5*z + 9*z, 5*z = -q + 17448. Calculate the remainder when q is divided by 76.
74
Let d = -2028 - -2143. Calculate the remainder when d is divided by 58.
57
Let r(a) = 22*a - 60. Suppose -5*m + 3*m = -938. What is the remainder when m is divided by r(7)?
93
Let q be (33*-1)/(4 - 55/10). Let x(l) = -l**3 + 23*l**2 - 22*l + 45. What is the remainder when x(q) is divided by 3?
0
Let u(d) = -2*d**2 - 1. Let q be u(5). What is the remainder when (q + 29)/(-2 + (-2 - -2)) is divided by 11?
0
Let n(p) = -189*p**3 + 1. Let u be n(-1). Let y(r) = -5*r - 26. Let o be y(12). Let z = o + u. What is the remainder when z is divided by 21?
20
Let w = 8398 + -8351. What is the remainder when 5685 is divided by w?
45
Let o(p) = 7*p + 36. Let y(w) = 17*w + 72. Let q(d) = 5*o(d) - 2*y(d). What is the remainder when 15 is divided by q(-26)?
5
Let m be (-72)/16 + 4 + 1365/2. Let t = 687 - m. Let z = -27 + 53. Calculate the remainder when z is divided by t.
1
Suppose 14*s + 0*s = 2*s + 2724. What is the remainder when 688 is divided by s?
7
Calculate the remainder when (-26)/377 + 4128615/435 is divided by 94.
91
Let s(p) = 9*p**2 - 14*p - 85. Let c be s(-5). Suppose -c*f - 72 = -216*f. What is the remainder when 32 is divided by f?
8
Suppose -l + 85 = 4*l. Let y = 1419 - 1363. Calculate the remainder when y is divided by l.
5
Suppose 284 = 3*d + v, -4*d - 5*v - 164 + 550 = 0. Let l = 107 - d. Calculate the remainder when l is divided by (-66)/(-10) - 8/(-20).
6
Let k = 4260 - 3785. Calculate the remainder when 486 is divided by k.
11
Suppose 0 = -m + 5*j + 14, 29 = 4*m - j - 8. Let i(o) = o**3 - 9*o**2 + 11*o - 10. What is the remainder when i(m) is divided by 30?
29
What is the remainder when 258 is divided by -2 + 109 - (106 - 91)?
74
Let p = 21 - 16. Suppose 0 = -a + c - 7, 0 = 5*a + 5*c + p. Let o(s) = 3*s + 17. Calculate the remainder when 9 is divided by o(a).
4
Let p(t) = t**2 - 3*t + 2. Let j be p(3). Suppose -512 = -4*h + j*q, -5*h - 5*q + 484 = -h. Let i = 262 - 230. What is the remainder when h is divided by i?
30
Suppose 4*q + q - 5*z = 85, -2*q - 3*z = -9. Let t(l) = l**2 - 5*l + 7. What is the remainder when (-6)/q - 183/(-2) is divided by t(8)?
29
Let x be 84/(-22) + 18/22 + -1. Let m be 3/15 - (13992/10)/x. Suppose 5*s = m - 90. Calculate the remainder when s is divided by 20.
12
Suppose -973 = -24*i + 1379. Calculate the remainder when i is divided by 27.
17
Let i(p) = 14*p. Suppose -3*w = 12, -19 = 4*g - 9*g - 4*w. What is the remainder when i(g) is divided by 32/8 + -4 + 20 + (-3 - -8)?
23
What is the remainder when 555 is divided by -1 - -264 - (15 + -9)*15/45?
33
Let i = 2036 - 1639. What is the remainder when i is divided by 28?
5
Let h be 690 + -3 + 7 + 2. Suppose 25*q = 2671 - h. Calculate the remainder when q is divided by 16.
15
Suppose 58*x - 2451 = -1175. What is the remainder when 1175 is divided by x?
9
Suppose -1345*l + 1318*l + 9423 = 0. What is the remainder when l is divided by 172?
5
Suppose -a + 10 = -4. Suppose 295*l + 14871 = 37881. Calculate the remainder when l is divided by a.
8
Let q(b) = 17*b + 17. Let f be q(-10). Let y = f + 158. Calculate the remainder when (4/(-10))/(y/(-425)) is divided by 6.
4
Suppose -b + 5*r = -40, 5*r + 160 = -3*b + 7*b. Let n = -182 - -187. Calculate the remainder when b is divided by n*(-4)/(-150) - (-832)/60.
12
Let u = 300 - 212. Suppose 22*i - 23*i + 25 = 5*j, 0 = -4*j + 8. What is the remainder when u is divided by i?
13
Let s(o) = 1 + 8 + 9*o + 4 - o**2 - 1. Let n be s(9). What is the remainder when 1/((-3)/3)*-7*n is divided by 29?
26
Let t(c) = 160*c**2 + 2*c - 4. Calculate the remainder when t(-1) is divided by 73.
8
Let k = -1650 + 2405. Calculate the remainder when 1513 is divided by k.
3
Let s be (-748)/(-10) + 72/(-90). Let n = s + -68. What is the remainder when (2/(-3))/(8/(-156)) is divided by n?
1
Suppose -3*o + 127 = b, -o - 4*o - 4*b + 214 = 0. What is the remainder when 22782/138 + ((-20)/(-270) - (-400)/(-2484)) is divided by o?
39
Let s be (13 - 12)/(1/67). What is the remainder when 134/s*(0 + 65) is divided by 11?
9
Suppose -26*m - 12*m = 152. What is the remainder when 197 is divided by (-732)/(-14) + ((-300)/70 - m)?
41
Suppose -13*p - 27 = -4*p. What is the remainder when (p/9)/(7270/1455 + -5) is divided by (0 - 2/2)*-17?
12
Suppose m - 96*s = -93*s + 110, 3*m + 3*s - 306 = 0. What is the remainder when 377 is divided by m?
65
Calculate the remainder when 50/150 - 3023/(-3) is divided by 72.
0
Suppose -5*s - b + 0 = -13, 4*s - 5*b = -7. Calculate the remainder when s/(-16)*-4*-4 + 173 is divided by 29.
26
Let p(s) = 10*s**2 + 2*s + 357. Let n be p(0). Suppose 0 = 4*x - 3*w - 1373, 3*x + 2*w - n = 2*x. Calculate the remainder when x is divided by 88.
83
Let d be ((-4)/2 + 2)/1. Suppose -4*k + d = -8, a - 3*k = -4. Let o = 256 - 234. What is the remainder when o is divided by a?
0
Calculate the remainder when (18 + 1875/(-100))/((-6)/2296) is divided by 26.
1
Let w(h) = h + 14. Let b = 463 - 457. Calculate the remainder when w(11) is divided by b.
1
Suppose -2*c - 2*c - 2*a + 2060 = 0, -4*a - 1512 = -3*c. Calculate the remainder when c is divided by 485.
27
Suppose 3*g + 3 = -4*y, -4*g - y - 15 = -8*g. Suppose -r = z + g*z - 512, 3*r = -5*z + 633. Calculate the remainder when z is divided by 11.
8
Suppose 464 = 12*f - 5*y, -2*f + 58 + 24 = -2*y. What is the remainder when f is divided by 11?
4
Let y(m) = -2*m**3 - 76*m**2 - 2*m - 16. Suppose 4*i - 87 - 41 = 0. Calculate the remainder when y(-38) is divided by i.
28
Let s(a) = 193*a - 386. Suppose 3*u + 6 = 48. What is the remainder when s(3) is divided by u?
11
Suppose 2328*v = 2349*v - 5187. What is the remainder when v is divided by 16?
7
Suppose 450 = 7*n - 2*n. Let o be (-64)/16 - (-9 - 1). Suppose 0 = -o*c - 70 + 346. What is the remainder when n is divided by c?
44
Suppose 5*d - i = 75, 2*d - 20 - 13 = i. What is the remainder when 11661 is divided by d?
13
Suppose -8*t = 2601 + 791. Let c = -309 - t. Calculate the remainder when c is divided by 52.
11
Let f = -114 - -131. Let h be (f - 2) + 5/((-20)/12). Suppose h = -0*r + 3*r. Calculate the remainder when r is divided by 4.
0
Let a be (-10)/(-35) - 2/7. Suppose a = -o - 4, -3*o = -4*q + o + 28. Let v(m) = m**3 - 20*m**2 + 21*m - 22. Calculate the remainder when v(19) is divided by q.
1
Suppose 71 = 10*s - 309. Let h be (0 - 41) + (-1)/6*0. Let j = -28 - h. Calculate the remainder when s is divided by j.
12
Let b(o) = o**2 - 9*o + 6. Let t be b(10). Let m = t - 12. Suppose m*f = -0*f + 68. What is the remainder when f is divided by 5?
2
Let t(n) = -11*n - 49. Suppose d + d + 5*a + 3 = 0, 4*d - 4*a + 48 = 0. Calculate the remainder when t(d) is divided by -4 + 1 - -19 - -3.
12
Let w(b) = b**3 + 22*b**2 - 24*b + 19. Let p be w(-23). Suppose p = 3*a - 30. Suppose -4*t + 40 = -a. Calculate the remainder when 62 is divided by t.
14
Let z(r) = -r**2 + 48*r + 535. Calculate the remainder when 256 is divided by z(-9).
14
Suppose -84*n - 50*n + 2603 = -2087. Calculate the remainder when 5109 is divided by n.
34
Let d = -17259 + 17285. Calculate the remainder when d is divided by (2/(-4))/(1/(-36)).
8
Let m(c) = -12*c - 178. Let q be m(-15). Suppose 2*x + q*g - 2 = 20, -x = 2*g - 11. What is the remainder when 24 is divided by x?
2
Suppose -66*v + 62*v = 5*t - 94333, -56595 = -3*t - 4*v. Calculate the remainder when t is divided by 111.
110
Let d(p) = 16 + 0*p + 4*p - 6*p. Let x be d(12). Let u = x + 30. Calculate the remainder when 109 is divided by u.
21
Let f = -1 + 11. What is the remainder when f is divided by (-82)/(-10) + (-50)/250?
2
Let m(u) be the first derivative of 20*u**3/3 - 17*u**2/2 + 63*u - 130. Calculate the remainder when m(3) is divided by 68.
56
Let q = 5 - 18. Let v = q - -18. Suppose 70 = -85*o + 99*o. What is the remainder when o is divided by v?
0
Let t(d) = -118*d + 3336. Calculate the remainder when 811 is divided by t(27).
61
Let p(d) = d + 1. Let a be p(4). Suppose w - 4*w + 103 = -4*l, -4*w = a*l - 127. Suppose 0 = -10*m + 21*m - 77. What is the remainder when w is divided by m?
5
Suppose 68*n - 55*n = -5*c + 14101, 3*c - 8441 = -5*n. Calculate the remainder when c is divided by 42.
30
Suppose -4*y - 845 = -17*y. What is the remainder w